{"id":847,"date":"2023-12-12T20:49:42","date_gmt":"2023-12-12T20:49:42","guid":{"rendered":"https:\/\/usbraganca.pt\/?page_id=847"},"modified":"2024-01-20T18:58:29","modified_gmt":"2024-01-20T18:58:29","slug":"orgaos-sociais","status":"publish","type":"page","link":"https:\/\/usbraganca.pt\/?page_id=847","title":{"rendered":"\u00d3rg\u00e3os Sociais"},"content":{"rendered":"\t\t<div data-elementor-type=\"wp-page\" data-elementor-id=\"847\" class=\"elementor elementor-847\">\n\t\t\t\t<div class=\"elementor-element elementor-element-15b0b61 e-flex e-con-boxed e-con e-parent\" data-id=\"15b0b61\" data-element_type=\"container\" data-e-type=\"container\">\n\t\t\t\t\t<div class=\"e-con-inner\">\n\t\t\t\t<div class=\"elementor-element elementor-element-b3c2cb1 elementor-widget elementor-widget-image\" data-id=\"b3c2cb1\" data-element_type=\"widget\" data-e-type=\"widget\" data-widget_type=\"image.default\">\n\t\t\t\t<div class=\"elementor-widget-container\">\n\t\t\t\t\t\t\t\t\t\t\t\t\t\t\t<img fetchpriority=\"high\" decoding=\"async\" width=\"2000\" height=\"400\" src=\"https:\/\/usbraganca.pt\/wp-content\/uploads\/2023\/12\/4.png\" class=\"attachment-full size-full wp-image-849\" alt=\"\" srcset=\"https:\/\/usbraganca.pt\/wp-content\/uploads\/2023\/12\/4.png 2000w, https:\/\/usbraganca.pt\/wp-content\/uploads\/2023\/12\/4-300x60.png 300w, https:\/\/usbraganca.pt\/wp-content\/uploads\/2023\/12\/4-1024x205.png 1024w, https:\/\/usbraganca.pt\/wp-content\/uploads\/2023\/12\/4-768x154.png 768w, https:\/\/usbraganca.pt\/wp-content\/uploads\/2023\/12\/4-1536x307.png 1536w\" sizes=\"(max-width: 2000px) 100vw, 2000px\" \/>\t\t\t\t\t\t\t\t\t\t\t\t\t\t\t<\/div>\n\t\t\t\t<\/div>\n\t\t\t\t\t<\/div>\n\t\t\t\t<\/div>\n\t\t<div class=\"elementor-element elementor-element-35a29b3 e-flex e-con-boxed e-con e-parent\" data-id=\"35a29b3\" data-element_type=\"container\" data-e-type=\"container\">\n\t\t\t\t\t<div class=\"e-con-inner\">\n\t\t\t\t\t<\/div>\n\t\t\t\t<\/div>\n\t\t<div class=\"elementor-element elementor-element-cdfb170 e-flex e-con-boxed e-con e-parent\" data-id=\"cdfb170\" data-element_type=\"container\" data-e-type=\"container\">\n\t\t\t\t\t<div class=\"e-con-inner\">\n\t\t<div class=\"elementor-element elementor-element-94cbcc4 e-con-full e-flex e-con e-child\" data-id=\"94cbcc4\" data-element_type=\"container\" data-e-type=\"container\">\n\t\t\t\t<div class=\"elementor-element elementor-element-8244a2f elementor-widget elementor-widget-image\" data-id=\"8244a2f\" data-element_type=\"widget\" data-e-type=\"widget\" data-widget_type=\"image.default\">\n\t\t\t\t<div class=\"elementor-widget-container\">\n\t\t\t\t\t\t\t\t\t\t\t\t\t\t\t<img decoding=\"async\" width=\"368\" height=\"368\" src=\"https:\/\/usbraganca.pt\/wp-content\/uploads\/2023\/12\/ORGAO-SOCIAS-US.png\" class=\"attachment-large size-large wp-image-897\" alt=\"\" srcset=\"https:\/\/usbraganca.pt\/wp-content\/uploads\/2023\/12\/ORGAO-SOCIAS-US.png 368w, https:\/\/usbraganca.pt\/wp-content\/uploads\/2023\/12\/ORGAO-SOCIAS-US-300x300.png 300w, https:\/\/usbraganca.pt\/wp-content\/uploads\/2023\/12\/ORGAO-SOCIAS-US-150x150.png 150w\" sizes=\"(max-width: 368px) 100vw, 368px\" \/>\t\t\t\t\t\t\t\t\t\t\t\t\t\t\t<\/div>\n\t\t\t\t<\/div>\n\t\t\t\t<\/div>\n\t\t<div class=\"elementor-element elementor-element-28f25ae e-con-full e-flex e-con e-child\" data-id=\"28f25ae\" data-element_type=\"container\" data-e-type=\"container\">\n\t\t\t\t<div class=\"elementor-element elementor-element-9e1942f elementor-widget elementor-widget-text-editor\" data-id=\"9e1942f\" data-element_type=\"widget\" data-e-type=\"widget\" data-widget_type=\"text-editor.default\">\n\t\t\t\t<div class=\"elementor-widget-container\">\n\t\t\t\t\t\t\t\t\t<p><strong>MESA DA ASSEMBLEIA<\/strong><\/p><p>Presidente: \u00a0\u00a0\u00a0\u00a0\u00a0\u00a0\u00a0 <strong>Oct\u00e1vio Augusto Fernandes<\/strong><\/p><p>Secret\u00e1ria: \u00a0\u00a0\u00a0\u00a0\u00a0\u00a0\u00a0\u00a0 <strong>L\u00facia da Concei\u00e7\u00e3o Gon\u00e7alves Borges<\/strong><\/p><p>Vogal: \u00a0\u00a0\u00a0\u00a0\u00a0\u00a0\u00a0\u00a0\u00a0\u00a0\u00a0\u00a0\u00a0\u00a0\u00a0\u00a0 <strong>Aurora do Nascimento Morais<\/strong><\/p><h5><strong>\u2014 \u2013<\/strong><\/h5><p><strong>CONSELHO FISCAL<\/strong><\/p><p>Presidente: \u00a0\u00a0\u00a0\u00a0\u00a0\u00a0\u00a0 <strong>Ernesto \u00d3scar Rodrigues<\/strong><\/p><p>Secret\u00e1rio: \u00a0\u00a0\u00a0\u00a0\u00a0\u00a0\u00a0\u00a0 <strong>Alcino dos Santos Fernandes<\/strong><\/p><p>Vogal:\u00a0 \u00a0 \u00a0 \u00a0 \u00a0 \u00a0 \u00a0 \u00a0 \u00a0 <strong>Maria Jo\u00e3o Pl\u00e1cido Domingues<\/strong><\/p><h5><strong>\u2014 \u2013<\/strong><\/h5><p><strong>DIRE\u00c7\u00c3O<\/strong><\/p><p>Presidente:\u00a0 \u00a0 \u00a0 \u00a0 \u00a0 \u00a0 \u00a0 <strong>Francisco M\u00e1rio da Rocha<\/strong><\/p><p>Vice-Presidente:\u00a0 \u00a0 \u00a0<strong>Francisco Antero Barreira<\/strong><\/p><p>Secret\u00e1ria:\u00a0 \u00a0 \u00a0 \u00a0 \u00a0 \u00a0 \u00a0 \u00a0<strong>Maria Ad\u00e9lia Ferreira<\/strong><\/p><p>Tesoureira:\u00a0 \u00a0 \u00a0 \u00a0 \u00a0 \u00a0 \u00a0 <strong>Maria Alcina Gon\u00e7alves<\/strong><\/p><p>Vogal:\u00a0 \u00a0 \u00a0 \u00a0 \u00a0 \u00a0 \u00a0 \u00a0 \u00a0 \u00a0 \u00a0 \u00a0<strong>S\u00e9rgio Ramiro do Nascimento<\/strong><\/p>\t\t\t\t\t\t\t\t<\/div>\n\t\t\t\t<\/div>\n\t\t\t\t<\/div>\n\t\t\t\t\t<\/div>\n\t\t\t\t<\/div>\n\t\t\t\t<\/div>\n\t\t","protected":false},"excerpt":{"rendered":"<p>MESA DA ASSEMBLEIA Presidente: \u00a0\u00a0\u00a0\u00a0\u00a0\u00a0\u00a0 Oct\u00e1vio Augusto Fernandes Secret\u00e1ria: \u00a0\u00a0\u00a0\u00a0\u00a0\u00a0\u00a0\u00a0 L\u00facia da Concei\u00e7\u00e3o Gon\u00e7alves Borges Vogal: \u00a0\u00a0\u00a0\u00a0\u00a0\u00a0\u00a0\u00a0\u00a0\u00a0\u00a0\u00a0\u00a0\u00a0\u00a0\u00a0 Aurora do Nascimento Morais \u2014 \u2013 CONSELHO FISCAL Presidente: \u00a0\u00a0\u00a0\u00a0\u00a0\u00a0\u00a0 Ernesto \u00d3scar Rodrigues Secret\u00e1rio: \u00a0\u00a0\u00a0\u00a0\u00a0\u00a0\u00a0\u00a0 Alcino dos Santos Fernandes Vogal:\u00a0 \u00a0 \u00a0 \u00a0 \u00a0 \u00a0 \u00a0 \u00a0 \u00a0 Maria Jo\u00e3o Pl\u00e1cido Domingues \u2014 \u2013 DIRE\u00c7\u00c3O Presidente:\u00a0 \u00a0 \u00a0 [&hellip;]<\/p>\n","protected":false},"author":1,"featured_media":0,"parent":0,"menu_order":0,"comment_status":"closed","ping_status":"closed","template":"","meta":{"site-sidebar-layout":"no-sidebar","site-content-layout":"page-builder","ast-site-content-layout":"full-width-container","site-content-style":"default","site-sidebar-style":"default","ast-global-header-display":"","ast-banner-title-visibility":"","ast-main-header-display":"","ast-hfb-above-header-display":"","ast-hfb-below-header-display":"","ast-hfb-mobile-header-display":"","site-post-title":"disabled","ast-breadcrumbs-content":"","ast-featured-img":"disabled","footer-sml-layout":"","ast-disable-related-posts":"","theme-transparent-header-meta":"","adv-header-id-meta":"","stick-header-meta":"","header-above-stick-meta":"","header-main-stick-meta":"","header-below-stick-meta":"","astra-migrate-meta-layouts":"set","ast-page-background-enabled":"default","ast-page-background-meta":{"desktop":{"background-color":"","background-image":"","background-repeat":"repeat","background-position":"center center","background-size":"auto","background-attachment":"scroll","background-type":"","background-media":"","overlay-type":"","overlay-color":"","overlay-opacity":"","overlay-gradient":""},"tablet":{"background-color":"","background-image":"","background-repeat":"repeat","background-position":"center center","background-size":"auto","background-attachment":"scroll","background-type":"","background-media":"","overlay-type":"","overlay-color":"","overlay-opacity":"","overlay-gradient":""},"mobile":{"background-color":"","background-image":"","background-repeat":"repeat","background-position":"center center","background-size":"auto","background-attachment":"scroll","background-type":"","background-media":"","overlay-type":"","overlay-color":"","overlay-opacity":"","overlay-gradient":""}},"ast-content-background-meta":{"desktop":{"background-color":"var(--ast-global-color-5)","background-image":"","background-repeat":"repeat","background-position":"center center","background-size":"auto","background-attachment":"scroll","background-type":"","background-media":"","overlay-type":"","overlay-color":"","overlay-opacity":"","overlay-gradient":""},"tablet":{"background-color":"var(--ast-global-color-5)","background-image":"","background-repeat":"repeat","background-position":"center center","background-size":"auto","background-attachment":"scroll","background-type":"","background-media":"","overlay-type":"","overlay-color":"","overlay-opacity":"","overlay-gradient":""},"mobile":{"background-color":"var(--ast-global-color-5)","background-image":"","background-repeat":"repeat","background-position":"center center","background-size":"auto","background-attachment":"scroll","background-type":"","background-media":"","overlay-type":"","overlay-color":"","overlay-opacity":"","overlay-gradient":""}},"footnotes":""},"class_list":["post-847","page","type-page","status-publish","hentry"],"_links":{"self":[{"href":"https:\/\/usbraganca.pt\/index.php?rest_route=\/wp\/v2\/pages\/847","targetHints":{"allow":["GET"]}}],"collection":[{"href":"https:\/\/usbraganca.pt\/index.php?rest_route=\/wp\/v2\/pages"}],"about":[{"href":"https:\/\/usbraganca.pt\/index.php?rest_route=\/wp\/v2\/types\/page"}],"author":[{"embeddable":true,"href":"https:\/\/usbraganca.pt\/index.php?rest_route=\/wp\/v2\/users\/1"}],"replies":[{"embeddable":true,"href":"https:\/\/usbraganca.pt\/index.php?rest_route=%2Fwp%2Fv2%2Fcomments&post=847"}],"version-history":[{"count":0,"href":"https:\/\/usbraganca.pt\/index.php?rest_route=\/wp\/v2\/pages\/847\/revisions"}],"wp:attachment":[{"href":"https:\/\/usbraganca.pt\/index.php?rest_route=%2Fwp%2Fv2%2Fmedia&parent=847"}],"curies":[{"name":"wp","href":"https:\/\/api.w.org\/{rel}","templated":true}]}}