{"id":1860,"date":"2025-06-28T16:06:08","date_gmt":"2025-06-28T16:06:08","guid":{"rendered":"https:\/\/usbraganca.pt\/?page_id=1860"},"modified":"2025-06-28T17:08:04","modified_gmt":"2025-06-28T17:08:04","slug":"encerramento-do-ano-letivo-de-2024-2025","status":"publish","type":"page","link":"https:\/\/usbraganca.pt\/?page_id=1860","title":{"rendered":"Encerramento do Ano Letivo de 2024\/2025"},"content":{"rendered":"\t\t<div data-elementor-type=\"wp-page\" data-elementor-id=\"1860\" class=\"elementor elementor-1860\">\n\t\t\t\t<div class=\"elementor-element elementor-element-1106b03 e-flex e-con-boxed e-con e-parent\" data-id=\"1106b03\" data-element_type=\"container\" data-e-type=\"container\">\n\t\t\t\t\t<div class=\"e-con-inner\">\n\t\t\t\t<div class=\"elementor-element elementor-element-8078d6b elementor-widget elementor-widget-image\" data-id=\"8078d6b\" data-element_type=\"widget\" data-e-type=\"widget\" data-widget_type=\"image.default\">\n\t\t\t\t<div class=\"elementor-widget-container\">\n\t\t\t\t\t\t\t\t\t\t\t\t\t\t\t<img decoding=\"async\" src=\"https:\/\/usbraganca.pt\/wp-content\/uploads\/elementor\/thumbs\/portugal-algarve-travel-2840809-quccujf7ftcpwpe0hnpterzfdefqae7a4i0t3er9hc.jpg\" title=\"portugal-algarve-travel-2840809\" alt=\"portugal, algarve, travel-2840809.jpg\" loading=\"lazy\" \/>\t\t\t\t\t\t\t\t\t\t\t\t\t\t\t<\/div>\n\t\t\t\t<\/div>\n\t\t\t\t\t<\/div>\n\t\t\t\t<\/div>\n\t\t<div class=\"elementor-element elementor-element-c0e3709 e-flex e-con-boxed e-con e-parent\" data-id=\"c0e3709\" data-element_type=\"container\" data-e-type=\"container\">\n\t\t\t\t\t<div class=\"e-con-inner\">\n\t\t\t\t<div class=\"elementor-element elementor-element-fd19dec elementor-widget elementor-widget-heading\" data-id=\"fd19dec\" data-element_type=\"widget\" data-e-type=\"widget\" data-widget_type=\"heading.default\">\n\t\t\t\t<div class=\"elementor-widget-container\">\n\t\t\t\t\t<h3 class=\"elementor-heading-title elementor-size-default\">Encerramento das Atividades Letivas  2024\/2025<\/h3>\t\t\t\t<\/div>\n\t\t\t\t<\/div>\n\t\t\t\t\t<\/div>\n\t\t\t\t<\/div>\n\t\t<div class=\"elementor-element elementor-element-d2761e2 e-flex e-con-boxed e-con e-parent\" data-id=\"d2761e2\" data-element_type=\"container\" data-e-type=\"container\">\n\t\t\t\t\t<div class=\"e-con-inner\">\n\t\t\t\t\t<\/div>\n\t\t\t\t<\/div>\n\t\t<div class=\"elementor-element elementor-element-ae8c584 e-flex e-con-boxed e-con e-parent\" data-id=\"ae8c584\" data-element_type=\"container\" data-e-type=\"container\">\n\t\t\t\t\t<div class=\"e-con-inner\">\n\t\t\t\t<div class=\"elementor-element elementor-element-2fc598c elementor-widget elementor-widget-text-editor\" data-id=\"2fc598c\" data-element_type=\"widget\" data-e-type=\"widget\" data-widget_type=\"text-editor.default\">\n\t\t\t\t<div class=\"elementor-widget-container\">\n\t\t\t\t\t\t\t\t\t<p>\u00a0<\/p><p><span style=\"font-size: 14pt;\"><strong>\u00a0 <span style=\"text-decoration: underline;\">\u00c1lbum de fotos das Atividades<\/span><\/strong> (<span style=\"color: #ff0000;\"><strong><a style=\"color: #ff0000;\" href=\"https:\/\/photos.app.goo.gl\/bmzC4kFzGwiwN7fy6\" target=\"_blank\" rel=\"noopener\">Abrir<\/a><\/strong><\/span>)<\/span><\/p><p><span style=\"font-size: 14pt;\">\u00a0 \u00a0<\/span><\/p><p><span style=\"font-size: 14pt;\"> \u00a0 \u00a0<span style=\"text-decoration: underline;\"><strong>A<\/strong><strong><span>tua<\/span>\u00e7\u00e3o do Grupo JUBILATO<\/strong><\/span> (<span style=\"color: #ff0000;\"><strong><a style=\"color: #ff0000;\" href=\"https:\/\/youtu.be\/j8E5g9pul_4\" target=\"_blank\" rel=\"noopener\">Abrir<\/a><\/strong><\/span>)<\/span><\/p><p><span style=\"font-size: 14pt;\"><strong>\u00a0 \u00a0 \u00a0<\/strong><\/span><\/p><p><span style=\"font-size: 14pt;\"><strong> \u00a0<span style=\"text-decoration: underline;\">Atua\u00e7\u00e3o da Orquestra de Fado<\/span><\/strong><span style=\"text-decoration: underline;\">s<\/span><\/span><\/p><ul><li><span style=\"font-size: 14pt;\">Fado &#8220;O Ardinita&#8221; (<a href=\"https:\/\/youtu.be\/_4rETtJi8hE\" target=\"_blank\" rel=\"noopener\"><span style=\"color: #ff0000;\">Abrir<\/span><\/a>)<\/span><\/li><li><span style=\"font-size: 14pt;\">Fado &#8221; Vou dar de beber \u00e0 dor&#8221; (<span style=\"color: #ff0000;\"><a style=\"color: #ff0000;\" href=\"https:\/\/youtu.be\/Ss4_w0PE93M\" target=\"_blank\" rel=\"noopener\">Abrir<\/a><\/span>)<\/span><\/li><\/ul><p>\u00a0<\/p><p><strong><span style=\"font-size: 14pt;\">\u00a0 \u00a0 \u00a0 <span style=\"text-decoration: underline;\">Atua\u00e7\u00e3o do Grupo de Cavaquinhos<\/span><\/span><\/strong><\/p><ul><li><span style=\"font-size: 14pt;\">Tema: Cara Linda Cara Linda (<a href=\"https:\/\/youtu.be\/D22rLnT9FKE\" target=\"_blank\" rel=\"noopener\"><span style=\"color: #ff0000;\">Abrir<\/span><\/a>)<\/span><\/li><li><span style=\"font-size: 14pt;\">Tema: Chora Carolina (<a href=\"https:\/\/youtu.be\/122FNKFRjwU\" target=\"_blank\" rel=\"noopener\"><span style=\"color: #ff0000;\">Abrir<\/span><\/a>)<\/span><\/li><\/ul>\t\t\t\t\t\t\t\t<\/div>\n\t\t\t\t<\/div>\n\t\t\t\t\t<\/div>\n\t\t\t\t<\/div>\n\t\t\t\t<\/div>\n\t\t","protected":false},"excerpt":{"rendered":"<p>Encerramento das Atividades Letivas 2024\/2025 \u00a0 \u00a0 \u00c1lbum de fotos das Atividades (Abrir) \u00a0 \u00a0 \u00a0 \u00a0Atua\u00e7\u00e3o do Grupo JUBILATO (Abrir) \u00a0 \u00a0 \u00a0 \u00a0Atua\u00e7\u00e3o da Orquestra de Fados Fado &#8220;O Ardinita&#8221; (Abrir) Fado &#8221; Vou dar de beber \u00e0 dor&#8221; (Abrir) \u00a0 \u00a0 \u00a0 \u00a0 Atua\u00e7\u00e3o do Grupo de Cavaquinhos Tema: Cara Linda Cara [&hellip;]<\/p>\n","protected":false},"author":1,"featured_media":0,"parent":0,"menu_order":0,"comment_status":"closed","ping_status":"closed","template":"","meta":{"site-sidebar-layout":"no-sidebar","site-content-layout":"page-builder","ast-site-content-layout":"full-width-container","site-content-style":"default","site-sidebar-style":"default","ast-global-header-display":"","ast-banner-title-visibility":"","ast-main-header-display":"","ast-hfb-above-header-display":"","ast-hfb-below-header-display":"","ast-hfb-mobile-header-display":"","site-post-title":"disabled","ast-breadcrumbs-content":"","ast-featured-img":"disabled","footer-sml-layout":"","ast-disable-related-posts":"","theme-transparent-header-meta":"","adv-header-id-meta":"","stick-header-meta":"","header-above-stick-meta":"","header-main-stick-meta":"","header-below-stick-meta":"","astra-migrate-meta-layouts":"set","ast-page-background-enabled":"default","ast-page-background-meta":{"desktop":{"background-color":"","background-image":"","background-repeat":"repeat","background-position":"center center","background-size":"auto","background-attachment":"scroll","background-type":"","background-media":"","overlay-type":"","overlay-color":"","overlay-opacity":"","overlay-gradient":""},"tablet":{"background-color":"","background-image":"","background-repeat":"repeat","background-position":"center center","background-size":"auto","background-attachment":"scroll","background-type":"","background-media":"","overlay-type":"","overlay-color":"","overlay-opacity":"","overlay-gradient":""},"mobile":{"background-color":"","background-image":"","background-repeat":"repeat","background-position":"center center","background-size":"auto","background-attachment":"scroll","background-type":"","background-media":"","overlay-type":"","overlay-color":"","overlay-opacity":"","overlay-gradient":""}},"ast-content-background-meta":{"desktop":{"background-color":"var(--ast-global-color-5)","background-image":"","background-repeat":"repeat","background-position":"center center","background-size":"auto","background-attachment":"scroll","background-type":"","background-media":"","overlay-type":"","overlay-color":"","overlay-opacity":"","overlay-gradient":""},"tablet":{"background-color":"var(--ast-global-color-5)","background-image":"","background-repeat":"repeat","background-position":"center center","background-size":"auto","background-attachment":"scroll","background-type":"","background-media":"","overlay-type":"","overlay-color":"","overlay-opacity":"","overlay-gradient":""},"mobile":{"background-color":"var(--ast-global-color-5)","background-image":"","background-repeat":"repeat","background-position":"center center","background-size":"auto","background-attachment":"scroll","background-type":"","background-media":"","overlay-type":"","overlay-color":"","overlay-opacity":"","overlay-gradient":""}},"footnotes":""},"class_list":["post-1860","page","type-page","status-publish","hentry"],"_links":{"self":[{"href":"https:\/\/usbraganca.pt\/index.php?rest_route=\/wp\/v2\/pages\/1860","targetHints":{"allow":["GET"]}}],"collection":[{"href":"https:\/\/usbraganca.pt\/index.php?rest_route=\/wp\/v2\/pages"}],"about":[{"href":"https:\/\/usbraganca.pt\/index.php?rest_route=\/wp\/v2\/types\/page"}],"author":[{"embeddable":true,"href":"https:\/\/usbraganca.pt\/index.php?rest_route=\/wp\/v2\/users\/1"}],"replies":[{"embeddable":true,"href":"https:\/\/usbraganca.pt\/index.php?rest_route=%2Fwp%2Fv2%2Fcomments&post=1860"}],"version-history":[{"count":0,"href":"https:\/\/usbraganca.pt\/index.php?rest_route=\/wp\/v2\/pages\/1860\/revisions"}],"wp:attachment":[{"href":"https:\/\/usbraganca.pt\/index.php?rest_route=%2Fwp%2Fv2%2Fmedia&parent=1860"}],"curies":[{"name":"wp","href":"https:\/\/api.w.org\/{rel}","templated":true}]}}